he remainder when 9281688 is divided by 2414.
2272
What is the remainder when 30912 is divided by 15?
12
What is the remainder when 296785 is divided by 98871?
172
Calculate the remainder when 247641 is divided by 81147.
4200
What is the remainder when 4737247 is divided by 159?
1
What is the remainder when 1013800 is divided by 309?
280
What is the remainder when 1257065 is divided by 7102?
11
What is the remainder when 1688000 is divided by 16880?
0
Calculate the remainder when 3903807 is divided by 1951901.
5
Calculate the remainder when 245118 is divided by 13601.
300
Calculate the remainder when 92257395 is divided by 4177.
4173
What is the remainder when 7008320 is divided by 25?
20
Calculate the remainder when 1066018 is divided by 1066008.
10
Calculate the remainder when 30984 is divided by 6085.
559
Calculate the remainder when 2759803 is divided by 19.
15
What is the remainder when 1055528 is divided by 1055490?
38
What is the remainder when 23544845 is divided by 9321?
9320
What is the remainder when 15912 is divided by 2107?
1163
What is the remainder when 99524 is divided by 5457?
1298
What is the remainder when 10345054 is divided by 32?
30
What is the remainder when 527363 is divided by 3662?
35
Calculate the remainder when 96156 is divided by 2174.
500
What is the remainder when 18132118 is divided by 1799?
1796
What is the remainder when 7190292 is divided by 6220?
6192
Calculate the remainder when 134421 is divided by 1415.
1411
Calculate the remainder when 257321 is divided by 128475.
371
Calculate the remainder when 23611 is divided by 193.
65
What is the remainder when 7251774 is divided by 466?
348
Calculate the remainder when 1311365 is divided by 1198.
753
Calculate the remainder when 81089 is divided by 1853.
1410
What is the remainder when 72244 is divided by 257?
27
What is the remainder when 6221094 is divided by 46426?
10
What is the remainder when 88182 is divided by 9504?
2646
What is the remainder when 4541 is divided by 492?
113
What is the remainder when 85121 is divided by 15?
11
What is the remainder when 2873579 is divided by 290?
259
Calculate the remainder when 7951809 is divided by 7282.
7147
Calculate the remainder when 8908913 is divided by 38.
3
Calculate the remainder when 56357224 is divided by 17.
14
What is the remainder when 288880 is divided by 6538?
1208
What is the remainder when 1240475 is divided by 9121?
19
Calculate the remainder when 40900521 is divided by 159.
156
Calculate the remainder when 3009752 is divided by 113.
110
Calculate the remainder when 25231852 is divided by 178.
174
What is the remainder when 9986482 is divided by 277402?
10
Calculate the remainder when 33677720 is divided by 77.
76
Calculate the remainder when 511389982 is divided by 1508525.
7
What is the remainder when 3238775 is divided by 11485?
5
Calculate the remainder when 3409533 is divided by 312.
309
Calculate the remainder when 17998 is divided by 2265.
2143
Calculate the remainder when 8084328 is divided by 192484.
0
What is the remainder when 434694 is divided by 299?
247
What is the remainder when 1012093 is divided by 7967?
284
What is the remainder when 5525671 is divided by 1893?
4
What is the remainder when 20251 is divided by 223?
181
What is the remainder when 2282176 is divided by 228217?
6
Calculate the remainder when 255220 is divided by 8798.
78
What is the remainder when 3475403 is divided by 773?
768
Calculate the remainder when 746616 is divided by 3137.
10
What is the remainder when 3061217 is divided by 1020285?
362
What is the remainder when 60297 is divided by 484?
281
Calculate the remainder when 962999 is divided by 41.
32
Calculate the remainder when 14443457 is divided by 1159.
1158
Calculate the remainder when 466380 is divided by 6392.
6156
What is the remainder when 27178863 is divided by 776538?
33
Calculate the remainder when 8715 is divided by 6836.
1879
Calculate the remainder when 25684905 is divided by 2626.
2625
Calculate the remainder when 595542 is divided by 709.
691
Calculate the remainder when 402373 is divided by 201118.
137
What is the remainder when 48508700 is divided by 188?
0
What is the remainder when 87338 is divided by 19500?
9338
Calculate the remainder when 8654107 is divided by 393361.
165
What is the remainder when 98431 is divided by 1075?
606
Calculate the remainder when 298225306 is divided by 1.
0
Calculate the remainder when 6674385 is divided by 444958.
15
Calculate the remainder when 3408381 is divided by 2431.
119
What is the remainder when 95170 is divided by 793?
10
Calculate the remainder when 2012135 is divided by 6775.
6735
What is the remainder when 233208 is divided by 33300?
108
What is the remainder when 7434184 is divided by 581?
289
Calculate the remainder when 2581363 is divided by 627.
4
What is the remainder when 19121 is divided by 1351?
207
What is the remainder when 643846 is divided by 323?
107
Calculate the remainder when 11216606 is divided by 13.
11
What is the remainder when 605304 is divided by 418?
40
What is the remainder when 4602683 is divided by 1544?
19
What is the remainder when 31299 is divided by 2197?
541
What is the remainder when 848068285 is divided by 754?
753
What is the remainder when 4143760 is divided by 133669?
21
What is the remainder when 7015790 is divided by 5319?
29
Calculate the remainder when 191036499 is divided by 100.
99
What is the remainder when 15793 is divided by 1149?
856
What is the remainder when 273266 is divided by 19519?
0
What is the remainder when 68756 is divided by 34378?
0
What is the remainder when 836946 is divided by 1477?
964
What is the remainder when 98347 is divided by 2660?
2587
What is the remainder when 788391 is divided by 394156?
79
What is the remainder when 2332130 is divided by 777372?
14
What is the remainder when 225063 is divided by 2474?
2403
What is the remainder when 1490470 is divided by 12739?
7
What is the remainder when 482291 is divided by 48?
35
Calculate the remainder when 538596 is divided by 510.
36
What is the remainder when 2763700 is divided by 29401?
6
What is the remainder when 15035874 is divided by 2674?
2646
What is the remainder when 5772 is divided by 412?
4
What is the remainder when 217828 is divided by 247?
221
Calculate the remainder when 153904893 is divided by 2144.
2141
Calculate the remainder when 886380 is divided by 181.
23
Calculate the remainder when 7999878 is divided by 7266.
12
Calculate the remainder when 205929598 is divided by 114.
112
What is the remainder when 117023529 is divided by 26?
25
What is the remainder when 136598 is divided by 4698?
356
What is the remainder when 6349184 is divided by 2442?
2426
What is the remainder when 492813 is divided by 3519?
153
What is the remainder when 1758723 is divided by 97703?
69
Calculate the remainder when 21061644 is divided by 308.
296
Calculate the remainder when 4890922 is divided by 119288.
114
Calculate the remainder when 7464854 is divided by 355466.
68
What is the remainder when 2495658 is divided by 2655?
2613
What is the remainder when 22860056 is divided by 715?
76
Calculate the remainder when 230835 is divided by 7203.
339
Calculate the remainder when 209997 is divided by 19087.
40
What is the remainder when 9568464 is divided by 2392088?
112
Calculate the remainder when 16057888 is divided by 8028907.
74
Calculate the remainder when 175848338 is divided by 1564.
1562
Calculate the remainder when 2708517 is divided by 193442.
329
Calculate the remainder when 2386047 is divided by 596499.
51
What is the remainder when 31846 is divided by 2494?
1918
Calculate the remainder when 211835510 is divided by 5392.
6
What is the remainder when 78076 is divided by 10756?
2784
What is the remainder when 31214 is divided by 215?
39
Calculate the remainder when 82794 is divided by 1169.
964
What is the remainder when 40146477 is divided by 1799?
1792
Calculate the remainder when 280327 is divided by 23353.
91
What is the remainder when 61487 is divided by 1311?
1181
What is the remainder when 584128 is divided by 96?
64
What is the remainder when 11687855 is divided by 1062531?
14
Calculate the remainder when 23826384 is divided by 953055.
9
Calculate the remainder when 33075 is 